{"id":112,"date":"2025-09-09T17:28:44","date_gmt":"2025-09-09T15:28:44","guid":{"rendered":"https:\/\/salvatornetz.de\/sprachcafe\/?page_id=112"},"modified":"2025-09-09T17:30:27","modified_gmt":"2025-09-09T15:30:27","slug":"grussformel","status":"publish","type":"page","link":"https:\/\/salvatornetz.de\/sprachcafe\/about\/e-mails\/grussformel\/","title":{"rendered":"Gru\u00dfformel"},"content":{"rendered":"\n<figure class=\"wp-block-table\"><table class=\"has-fixed-layout\"><tbody><tr><td>9 September 2025: <strong>Mit freundlichen Gr\u00fc\u00dfen<\/strong><br>&#8230;. \u0425\u043e\u0447\u0435\u0448, \u044f \u0437\u0440\u043e\u0431\u043b\u044e \u0442\u0435\u043a\u0441\u0442 \u0442\u0440\u043e\u0445\u0438 \u043c\u0435\u043d\u0448 \u0444\u043e\u0440\u043c\u0430\u043b\u044c\u043d\u0438\u043c (\u043d\u0430\u043f\u0440\u0438\u043a\u043b\u0430\u0434, \u0437\u0430\u043c\u0456\u0441\u0442\u044c \u00abMit freundlichen Gr\u00fc\u00dfen\u00bb \u0449\u043e\u0441\u044c \u0431\u0456\u043b\u044c\u0448 \u0434\u0440\u0443\u0436\u043d\u0454)?<br><em>(M\u00f6chten Sie, dass ich den Text etwas weniger f\u00f6rmlich gestalte (zum Beispiel statt \u201eMit freundlichen Gr\u00fc\u00dfen\u201c etwas Freundlicheres)?<\/em><\/td><\/tr><tr><td><strong>Antwort:<\/strong> Das h\u00e4ngt davon ab, welche Beziehung man zu dem Empf\u00e4nger hat.<br>Kennt man sich gut, dann ist das privat und man benutzt etwas Freundlicheres.<br>Ist es gesch\u00e4ftlich, dann ist das formell und <em>\u201eMit freundlichen Gr\u00fc\u00dfen\u201c <\/em>ist in Ordnung und immer ganz sicher. Zum Beispiel f\u00fcr eine Bewerbung.<br>Moderner und etwas freundlicher ist <em>\u201eBeste Gr\u00fc\u00dfe\u201c <\/em>.<br>Privat wird h\u00e4ufig LG verwendet. Das ist die Abk\u00fcrzung f\u00fcr  <em>\u201eLiebe Gr\u00fc\u00dfe\u201c. <\/em><\/td><\/tr><\/tbody><\/table><\/figure>\n\n\n\n<hr class=\"wp-block-separator has-alpha-channel-opacity is-style-wide\"\/>\n\n\n\n<p>Eine komplette \u00dcbersicht bietet die <a href=\"https:\/\/www.stepstone.de\/magazin\/artikel\/e-mail-grussformel\" target=\"_blank\" rel=\"noreferrer noopener\">Gru\u00dfformel-Seite<\/a> von Stepstone.<\/p>\n","protected":false},"excerpt":{"rendered":"<p>9 September 2025: Mit freundlichen Gr\u00fc\u00dfen&#8230;. \u0425\u043e\u0447\u0435\u0448, \u044f \u0437\u0440\u043e\u0431\u043b\u044e \u0442\u0435\u043a\u0441\u0442 \u0442\u0440\u043e\u0445\u0438 \u043c\u0435\u043d\u0448 \u0444\u043e\u0440\u043c\u0430\u043b\u044c\u043d\u0438\u043c (\u043d\u0430\u043f\u0440\u0438\u043a\u043b\u0430\u0434, \u0437\u0430\u043c\u0456\u0441\u0442\u044c \u00abMit freundlichen Gr\u00fc\u00dfen\u00bb \u0449\u043e\u0441\u044c \u0431\u0456\u043b\u044c\u0448 \u0434\u0440\u0443\u0436\u043d\u0454)?(M\u00f6chten Sie, dass ich den Text etwas weniger f\u00f6rmlich gestalte (zum Beispiel statt \u201eMit freundlichen Gr\u00fc\u00dfen\u201c etwas Freundlicheres)? Antwort: Das h\u00e4ngt davon ab, welche Beziehung man zu dem Empf\u00e4nger hat.Kennt man sich gut, dann ist &hellip; <a href=\"https:\/\/salvatornetz.de\/sprachcafe\/about\/e-mails\/grussformel\/\" class=\"more-link\"><span class=\"screen-reader-text\">\u201eGru\u00dfformel\u201c <\/span>weiterlesen<\/a><\/p>\n","protected":false},"author":1,"featured_media":0,"parent":28,"menu_order":0,"comment_status":"open","ping_status":"closed","template":"","meta":{"footnotes":""},"class_list":["post-112","page","type-page","status-publish","hentry"],"_links":{"self":[{"href":"https:\/\/salvatornetz.de\/sprachcafe\/wp-json\/wp\/v2\/pages\/112","targetHints":{"allow":["GET"]}}],"collection":[{"href":"https:\/\/salvatornetz.de\/sprachcafe\/wp-json\/wp\/v2\/pages"}],"about":[{"href":"https:\/\/salvatornetz.de\/sprachcafe\/wp-json\/wp\/v2\/types\/page"}],"author":[{"embeddable":true,"href":"https:\/\/salvatornetz.de\/sprachcafe\/wp-json\/wp\/v2\/users\/1"}],"replies":[{"embeddable":true,"href":"https:\/\/salvatornetz.de\/sprachcafe\/wp-json\/wp\/v2\/comments?post=112"}],"version-history":[{"count":3,"href":"https:\/\/salvatornetz.de\/sprachcafe\/wp-json\/wp\/v2\/pages\/112\/revisions"}],"predecessor-version":[{"id":115,"href":"https:\/\/salvatornetz.de\/sprachcafe\/wp-json\/wp\/v2\/pages\/112\/revisions\/115"}],"up":[{"embeddable":true,"href":"https:\/\/salvatornetz.de\/sprachcafe\/wp-json\/wp\/v2\/pages\/28"}],"wp:attachment":[{"href":"https:\/\/salvatornetz.de\/sprachcafe\/wp-json\/wp\/v2\/media?parent=112"}],"curies":[{"name":"wp","href":"https:\/\/api.w.org\/{rel}","templated":true}]}}